6600. What is the highest common divisor of 21 and p?
21
Let d(x) = 6*x**2 - x + 1. Let b be d(2). Let a = 46 - b. Let q = a - -21. What is the greatest common factor of q and 4?
4
Let q(s) = -1951*s**3 + 8*s**2 - 2*s - 4. Let t be q(-1). Calculate the greatest common divisor of 57 and t.
19
Let v = 2756 + -2696. What is the highest common factor of v and 1110?
30
Suppose c - 171 = 2*c - 5*a, c + 195 = -3*a. Let m = -175 - c. Calculate the greatest common factor of m and 407.
11
Suppose 4*s - 124 = -2*p, -2*s - 138 = -2*p + s. Let l be 7/((-189)/396)*-3. Calculate the greatest common factor of l and p.
22
Let p = -3 + 33. Suppose -6 = k - x, -k - k = 5*x - 2. Let d be 15 + 41 + ((-16)/k - 0). Calculate the highest common factor of p and d.
30
Let v(z) = z**2 - 3*z + 9. Let t be v(6). Let l be (6/(-5))/(3 + 2695/(-900)). Let b = l + 459. Calculate the greatest common factor of b and t.
27
Let v(k) = 38*k**2 - 8*k - 71. Let m be v(-8). What is the highest common divisor of 776 and m?
97
Let y(o) be the second derivative of -o**3/6 + 8*o**2 - 3*o - 5. Let f be y(2). Calculate the highest common factor of f and 28.
14
Suppose 4*b - 42 = 38. Let d be b - (6 - (-2 - -5)). Let t = 262 - d. Calculate the highest common divisor of 98 and t.
49
Let w be -3 + 1022/12 - (5/(-6))/(-5). Calculate the highest common factor of w and 943.
41
Let f(w) = w**2 + 58*w + 576. Let b be f(-59). Calculate the greatest common divisor of b and 381.
127
Suppose -4*g = 5*h + 54, -2 = h - 2*h. Let z(x) = -x**3 - 14*x**2 + 22*x + 38. Let m be z(g). Calculate the highest common divisor of m and 18.
18
Suppose 0 = -4*o - 5*a + 51, 4*a = -2*o + 40 - 10. Suppose o*v - 54 = 45. What is the highest common factor of 539 and v?
11
Suppose -32 = -4*g + q + 3*q, 2*g - 4*q = 24. Let m be 486/3*10/g. Suppose 0 = -v + 6*v - m. What is the highest common divisor of 9 and v?
9
Let v(o) = 21*o - 7. Suppose 0 = -20*f + 27*f - 511. Suppose f - 75 = -j. Let d be v(j). Calculate the highest common divisor of 105 and d.
35
Suppose -5*u + 3*u + 430 = 0. Let n(o) = 2*o**3 - 9*o**2 + 14*o + 3. Let k be n(4). What is the greatest common factor of k and u?
43
Suppose -69 = -3*r + 57. Suppose g + 3 + r = 0. Let f be (-1)/(-5) - 531/g. What is the greatest common divisor of f and 12?
12
Suppose 0 = -103*t - 3550 + 33214. Let y = -45 - -81. What is the highest common divisor of t and y?
36
Let h(y) = -3088*y - 37013. Let d be h(-12). Let x = -779 - -1338. Calculate the highest common factor of d and x.
43
Let n(p) = p + 39. Let x be n(22). Let a = x - -39. What is the greatest common factor of a and 10?
10
Let l = -559 - -693. Suppose -133*m + l*m - 299 = 0. Calculate the highest common factor of m and 39.
13
Suppose -1165 + 1032 = -p. Calculate the greatest common divisor of 7 and p.
7
Suppose -4*o = 5*z - 236, o + 57 = -4*z + 105. Calculate the highest common factor of 72 and o.
8
Let b(n) = -2*n + 24. Let d be b(5). Let f be ((-14)/d)/(1/(-116)). Let y = -113 + f. Calculate the highest common divisor of y and 24.
3
Let d = 18 + -13. Suppose 3*p - 5*q - 298 = p, 0 = d*p + 5*q - 710. Let b be (32/(-5))/(4/(-10)). What is the greatest common factor of b and p?
16
Suppose 3*i = -4*w + 161, -24*w + 29*w - 216 = -4*i. Suppose 2*n + 56 + 198 = 4*q, -q + i = -2*n. What is the greatest common divisor of q and 20?
5
Let n be 2/(-10) - ((-40)/(-25) + (-336)/70). What is the greatest common factor of n and 5601?
3
Suppose -2*m + 455 = -5*n, -2*m - 2*n - 4920 = -5410. Let i = 250 - 160. What is the highest common divisor of i and m?
30
Suppose 0 = 2*w - 4*t - 24, -t = -21*w + 23*w - 9. Let l be (-18)/117 - (-1250)/13. What is the highest common divisor of w and l?
6
Let x(m) = -m**2 + 6*m - 5. Let p be x(4). Let n(r) = 25 - p*r + 0*r - r + 19*r. Let o be n(7). What is the greatest common divisor of 52 and o?
26
Let q be (28 - 27)*(1 + -1). Suppose 6*r + 15 - 21 = q. Let i be 18/(24/4) - r. What is the highest common factor of i and 18?
2
Suppose 2*u + 650 = 662. Suppose 4*f - 945 = -f. Let m be ((-14)/3 - -2)/((-14)/f). What is the greatest common divisor of m and u?
6
Suppose 358*j = 349*j + 2574. What is the greatest common divisor of 418 and j?
22
Let h = -1867 + 1922. Let n be (-1)/(-3) + (-2639)/(-3). What is the greatest common factor of n and h?
55
Suppose 1 = p, -5*q = -3*p - 0*p - 112. Let j(m) = -m**3 - 6*m**2 - 21*m + 3. Let i be j(-8). What is the highest common factor of q and i?
23
Let u be 448/6 - (-5)/(19 + -4). Let d = 79 - u. Let v be 68/7 + -4 + d/14. Calculate the greatest common factor of 6 and v.
6
Let k(s) = 2*s**2 - 17*s + 29. Let w be k(2). Suppose 0 = -w*t + 4*y + 292, -5*t + 3*t + y + 198 = 0. What is the greatest common factor of 4 and t?
4
Let w(v) = -v**2 - 3*v + 69. Let p be w(6). Let j be -3 + 51/p - (-26208)/30. Calculate the highest common divisor of j and 46.
46
Suppose -4*z = -122*x + 121*x + 1103, 2*x + z = 2197. Calculate the greatest common divisor of x and 7.
7
Let u be ((-9)/27)/(-1 - 724/(-723)). Let k = u - -116. Let v = k + 181. What is the greatest common divisor of 140 and v?
28
Suppose -o - 5*u = 5, o + 2*u - 2 = 4*u. Suppose 0 = 2*t - 4*n - o + 8, 5*t - 4*n = 10. Calculate the highest common divisor of t and 48.
6
Let k = 16567 + -435. Calculate the greatest common factor of k and 74.
74
Suppose 24*b = 20*b + 8. Suppose -4*k - b*z = -406, 4*k + 3*z - 312 = k. Let u be -2 + -3 + 1 + 15. What is the highest common factor of u and k?
11
Let y(a) = -11*a - 65. Suppose 288 = 20*s - 36*s. Let g be y(s). Calculate the highest common factor of g and 38.
19
Let b be 11/(14/(-35) - 9/(-15)) - 7. Calculate the greatest common factor of b and 8616.
24
Suppose -11626 = -27*j + 8045 - 4740. What is the greatest common factor of j and 158?
79
Let g = -35 - -15. Let z be -1 + 2 - (3 + g/5). Suppose -z*j - 3*m + 7 = -97, 3*m = 3*j - 126. What is the highest common factor of j and 23?
23
Suppose -3 - 9 = -m. Let h be (0 - 2)*(-174)/m. Suppose -3*o - 14 = -h. Calculate the greatest common divisor of 1 and o.
1
Let r be (-6)/(-27) - (-40)/(-18). Let g = r + -10. Let x be ((-2)/3)/(8/g). Calculate the greatest common factor of 3 and x.
1
Suppose -5*u + 10*u - 250 = 0. Let r = u - 22. Suppose 15*b - 95*b + 22*b = -406. Calculate the highest common divisor of r and b.
7
Suppose c - 5*m = 36 + 72, -4*c + 4*m = -384. Calculate the highest common factor of c and 124.
31
Suppose 4*r + 24 = 0, -9*r + 2 = 2*i - 8. What is the greatest common factor of i and 14?
2
Let k be 32/48 + 188/6. Let c(h) = h**3 - 8*h**2 + 11*h - 15. Let r be c(7). Let o be r + (4 - (-1)/(-1)). What is the highest common divisor of o and k?
16
Let d = 19958 - 19846. What is the highest common divisor of 11344 and d?
16
Suppose 398 = 2*k - 2*i, 4*k + 2*i - 654 - 124 = 0. Let z = -285 + 341. Calculate the highest common factor of z and k.
28
Suppose -90*u + 78*u - 2067 = -65*u. What is the highest common divisor of 8229 and u?
39
Suppose 0 = 3*y + 4*p - 31, -9*y + 10*y - 5*p = 4. Calculate the highest common factor of y and 564.
3
Let t = 96 - 38. Let g = t + -72. Let o be 56/2 + g/(42/(-6)). What is the greatest common divisor of 20 and o?
10
Suppose 0 = -4*g - 16, 5*l - 2*g + 7*g - 895 = 0. Suppose -186*q = -l*q - 39. Calculate the greatest common divisor of q and 91.
13
Let l = -17 + 51. Suppose 12*m = 14*m - l. Suppose -3*q + g = -m, 3*q - q + 2*g = 22. What is the greatest common factor of 21 and q?
7
Suppose -3*v + 10*s - 5*s + 93 = 0, 0 = 2*v - 5*s - 62. Let k = 55 - v. Suppose k = -o + 4*o. What is the highest common factor of 72 and o?
8
Let d(p) = p**3 - 32*p**2 - 27*p - 42. Let k be d(33). Calculate the greatest common factor of 676 and k.
52
Let x(n) = -n**3 - 63*n**2 + 191*n - 63. Let r be x(-66). What is the greatest common divisor of r and 304?
19
Let k be (-26)/(-10) - 870/(-2175). What is the highest common factor of k and 283?
1
Let p(s) = -5*s**3 - 71*s**2 + 7*s + 52. Let n be p(-16). What is the highest common divisor of 153 and n?
51
Let v(q) = q**2 - 413*q + 355. Let u be v(0). Calculate the greatest common divisor of u and 71.
71
Let g be 6380/1015 - (1 + 10/(-14)). Calculate the highest common divisor of g and 274.
2
Suppose -3*r = 112 - 121. Let y be 210/(-4)*r*8/(-15). Calculate the greatest